6)) + (2 - 2)/(-1).
67, 83
Let c = 2 + 1. Let b = -18511 + 18513. Suppose -h + 404 = b*g, 4*g + c*h = g + 606. List the prime factors of g.
2, 101
Let x be -4 - (-156)/48 - (-205)/(-4). What are the prime factors of -1 + 525 + (x - -53)?
3, 5, 7
Let j(h) be the first derivative of -49*h**2/2 - 16*h - 153. Suppose v - 1 + 7 = 0. What are the prime factors of j(v)?
2, 139
Let c = 69325 - 27949. List the prime factors of c.
2, 3, 431
What are the prime factors of (42/(-98))/(5/(-464905))?
3, 37, 359
Suppose -2*y + 4*x = -13194, 18*y - 4*x = 13*y + 33015. What are the prime factors of y?
6607
Let c(m) = -m**3 + 3*m**2 - 26*m - 100. List the prime factors of c(-22).
2, 7, 449
Let u(n) = 9*n**2 - 4*n**2 - 6*n - n + 18. List the prime factors of u(-8).
2, 197
Suppose -7425528 = -235*s - 13628. What are the prime factors of s?
2, 5, 19, 83
Let s(g) = -9*g**3 - g**2 - 389*g - 785. Let h be s(-2). Let v(a) = 6*a**3 + 4*a**2 + 3*a + 1. Let j be v(-2). Let n = h - j. What are the prime factors of n?
2, 7
Suppose 363*g = 359*g + 288. Suppose -g*v + 18218 + 91582 = 0. What are the prime factors of v?
5, 61
Let c = 7959 - -6313. What are the prime factors of c?
2, 223
Let u = -33660 + 57963. List the prime factors of u.
3, 8101
Let g(r) be the first derivative of r**3 + 11*r**2/2 - 10*r + 3. Let a be g(-8). Let j = -10 + a. What are the prime factors of j?
2, 3, 7
Let g(i) = i**2 + 11*i + 5. Let u be g(-8). Let w = u + 21. Suppose w*r = 3*q + q - 88, 4*q - 96 = 4*r. What are the prime factors of q?
2, 5
Let x = 38868 - 27698. List the prime factors of x.
2, 5, 1117
Let x = -13191 + 25915. What are the prime factors of x?
2, 3181
Suppose 0 = 255*l - 520*l + 11356840. List the prime factors of l.
2, 11, 487
Let p = 11336 + -4569. List the prime factors of p.
67, 101
Let h = 2135 + -473. Suppose 3*f - h = 1746. List the prime factors of f.
2, 71
Suppose 245 = -12*y - 55. What are the prime factors of (-2)/5 - ((-41360)/y)/(-11)?
2, 3, 5
What are the prime factors of -18 - (6 - 7)*15018?
2, 3, 5
Let z(p) = -15*p - 322. Let r be z(-22). List the prime factors of r/52 + (5 - 41228/(-52)).
2, 3, 7, 19
What are the prime factors of (-30)/2*((-11624)/40 + -22)?
3, 521
Suppose -4*t = -u + 4, -6*u = -2*u + 2*t + 2. Let y(z) = z**2 - 5*z + 1277. What are the prime factors of y(u)?
1277
Let t(n) = 6*n - 120. Let j be t(20). Suppose 3*c - 3*w - 1044 = j, c = -4*w + 415 - 77. List the prime factors of c.
2, 173
Suppose -5*j + 2*v = 0, 0 = -2*j + 3*j - 4*v + 18. Let d be 30/(-9)*-3*(-1)/j. Let a(z) = -24*z - 8. List the prime factors of a(d).
2, 7
Let y = -417 - -420. Let n be 0/(1 - (1 + 1)). Suppose -5*t = y*r - 15, 5*r + n*t - 25 = 3*t. What are the prime factors of r?
5
Suppose 5*k - 10*k = 2*j - 30729, 2*k = j - 15396. What are the prime factors of j?
2, 7691
Let s = -4209 + 6104. Let m = s - 1150. What are the prime factors of m?
5, 149
Suppose -s = 3*h - 12224 - 8581, 4*s = -h + 6946. List the prime factors of h.
2, 3467
Suppose 0 = -5*s - 3*g + 12852, -4*g = 4*s - 5631 - 4649. What are the prime factors of s?
3, 857
Suppose 0 = -14*r + 17 + 25. List the prime factors of ((-4478)/(-6) - 4) + (-1)/r.
2, 7, 53
Let m(g) = g**3 - 5*g + 14. Let k = 35 - 11. Suppose -k = -24*w + 16*w. What are the prime factors of m(w)?
2, 13
Suppose 8407 + 10539 = 3*g - 2*k, -g + 4*k + 6302 = 0. What are the prime factors of g?
2, 3, 13
Let n(j) = 55*j**2 + 32*j + 278. What are the prime factors of n(13)?
7, 1427
Let a = 11 + 174. Suppose p - a = 173. List the prime factors of p.
2, 179
Let p be ((-90)/40)/((-3)/8). Suppose p = 3*g - 9. Suppose g*y - 549 + 34 = 0. List the prime factors of y.
103
Let r = -61 + 79. Let a = -14 + r. Suppose -9*x = -a*x - h - 545, -4*h - 90 = -x. List the prime factors of x.
2, 5, 11
Suppose -203*p = -208*p + 29980. What are the prime factors of p?
2, 1499
Suppose 41731 + 59366 = 40*w + 16057. List the prime factors of w.
2, 1063
Let x = 253 - 520. Let l = 388 - x. List the prime factors of l.
5, 131
Suppose -5*s = 2*a - 39325, 0 = 13*a - 8*a - 25. List the prime factors of s.
3, 2621
Let c(w) = 375*w**3 - 8*w**2 - 11*w + 10. List the prime factors of c(3).
2, 5, 17, 59
What are the prime factors of 4966/3 + (-24)/(-36)?
2, 3, 23
Suppose 4*l + 2*l = -5*l. Suppose -4*n - 5375 + 1144 = -3*y, l = 2*y + 4*n - 2834. List the prime factors of y.
3, 157
Suppose -h + 5 = 0, g = -4*g - h + 1445. Let r = 102 + g. Let z = r - 153. What are the prime factors of z?
3, 79
Suppose 9*v = -0*v - 9. Let y be v/((12/(-8))/3). List the prime factors of 3020/10*1/y.
151
Let c be ((-225)/90)/(10/(-8)). Suppose 1127 + 651 = c*m - 2*y, -2*m + 5*y = -1790. List the prime factors of m.
3, 5, 59
Suppose 151*a - p - 15060 = 156*a, 2*a - 5*p + 6024 = 0. Let x = 4391 + a. What are the prime factors of x?
7, 197
List the prime factors of ((-744910)/(-38) + 31/(4123/14))*1.
19603
Let c(b) = -b + 31. Let i be c(-23). Let p be (-2)/9 + 1308/i. List the prime factors of (24/32)/(2/p).
3
Let z(j) be the second derivative of -9*j + 0 + 6*j**2 - 5/6*j**3. List the prime factors of z(-21).
3, 13
Let s = -216 + 212. List the prime factors of s/(((-9)/(-6))/(2466/(-24))).
2, 137
List the prime factors of ((-8730)/(-50) + 3)/(4/490).
2, 3, 7, 37
Let b(u) = -134*u - 16. Let q be 3/1 + (-168)/28. List the prime factors of b(q).
2, 193
Let h(f) = -32*f + 135. Let i be h(4). Suppose 3*o = -4*x + 1167, 2*o + 1103 - 249 = 3*x. Suppose x - 855 = -i*j. List the prime factors of j.
3
Suppose t = v - 3*v - 9, 5*v + 22 = -3*t. Let a be (-2)/v + (-234)/(-90). Suppose -556 = -6*c + a*c + d, 0 = -2*c - 5*d + 348. List the prime factors of c.
2, 23
List the prime factors of 86*(2/(-8) + 53251/412).
2, 3, 43
Let n(a) = a - 1. Let z(v) = 13*v. Let h(s) = -5*n(s) + z(s). Let t be ((-4)/(-8))/((-2)/(-16)). List the prime factors of h(t).
37
Suppose -28*v - 10 = -33*v. Suppose -v*y - z + 1678 = 0, 4*z - z - 834 = -y. Suppose 9*o - y = -3*o. List the prime factors of o.
2, 5, 7
Suppose -5*y + 19 = -5*x - 71, -5*x + y - 102 = 0. What are the prime factors of 434/3*(-1 - 237/x)?
2, 3, 31
Suppose 0 = -5*a + 540 + 1295. Suppose 9*s - a = 245. List the prime factors of s.
2, 17
Suppose 0 = -727*d + 215*d + 6681088. List the prime factors of d.
13049
Suppose -7*q - 34 = 8. Let v be (-1 - (-4)/(-8))*32/q. List the prime factors of 6/(-4)*v/(-6).
2
Suppose 62*x - 66*x + 5736 = 0. Suppose 4*r - 302 - x = 0. Suppose 3*t - 319 = -q, 4*t - r = q + 2*q. What are the prime factors of t?
107
Let n = -6218 + 13803. What are the prime factors of n?
5, 37, 41
Let i(a) = -447*a + 12092. List the prime factors of i(0).
2, 3023
Let n(l) = 9*l - 20. Let g be n(2). Let y = g + 46. What are the prime factors of y?
2, 11
Let s be -4 - (-13 + 4 + -2). Let y(k) = 5*k**2 + 9*k - 22. List the prime factors of y(s).
2, 11, 13
Suppose 17*j - 5162 + 1354 = 0. Let h = -111 - -227. Let l = j - h. What are the prime factors of l?
2, 3
Suppose 3*m = 3*l - 6, -4 + 18 = 3*l + m. List the prime factors of (-6)/(l/30 - (-96)/(-270)).
3
Suppose -43*q + 1236 = -39*q. Let b = -150 + q. List the prime factors of b.
3, 53
Let u = 318 + -316. What are the prime factors of -2 + u*292 + 12 + -15?
3, 193
Let p(h) = -13*h**3 - 4*h**2 - 8*h. Let x = -370 + 366. List the prime factors of p(x).
2, 5
What are the prime factors of 10011 - (24 - 12 - 13)?
2, 2503
Let b be (0 - -17)/(((-8)/(-321))/8). Suppose -4*m + 5447 = 5*i, -5*i + 20*m = 19*m - b. List the prime factors of i.
1091
Let c(n) = 5*n**2 + 3*n + 5. Let k be c(5). Let g be 3*1 + -2 + 49 + -4. Let f = k - g. What are the prime factors of f?
3, 11
Let z = -727 + 369. Let q = z + 558. Let r = 305 - q. What are the prime factors of r?
3, 5, 7
Suppose -j + 34648 = -3*z, -3*j = 96*z - 99*z - 103902. List the prime factors of j.
31, 1117
Suppose 145*w = -124*w + 627836 + 1107214. What are the prime factors of w?
2, 3, 5, 43
Let o be ((-2)/(-10)*-4)/((-32)/(-80)). What are the prime factors of (-11)/o*(-7080)/(-59)?
2, 3, 5, 11
Let d(n) = -n**2 + 31*n - 124. Let u be d(26). Suppose 4*k = -0*k - l + 23, -3*l = -9. Suppose u*s = k*s + 26. List the prime factors of s.
2, 13
Let x(i) = -i**2 - 3*i - 3. Let j be x(-3). Let l(f) = 170*f - 2. Let k(a) = -169*a + 2. Let q(v) = j*k(v) - 4*l(v). List the prime factors of q(-